ose -b = -2*b + 11. What is the greatest common divisor of f and b?
11
Suppose 7*o = -43 + 169. What is the highest common divisor of o and 24?
6
Let i be (-462)/(-35)*(-50)/(-20). Let y = -3 - -14. What is the highest common factor of y and i?
11
Let w be 16/((-80)/(-648)*(-12)/(-20)). Calculate the highest common divisor of 576 and w.
72
Let s = 8 + -2. Suppose s = q + 2. Suppose 0 = -q*l + 3*g + 222, l = -0*g + g + 56. What is the greatest common divisor of l and 27?
27
Suppose -6*n - 39*n = -4680. Calculate the highest common factor of 1144 and n.
104
Let s(q) = q**3 + 6*q**2 - 3*q - 6. Let n be s(-6). Let o = -651 + 671. Calculate the highest common factor of o and n.
4
Let d be (-1 + 4)/((-9)/(-21)). Let o be (-1)/(-2) + d/2. Suppose -42 = -o*c + 34. What is the highest common factor of 57 and c?
19
Let c be -2 + 47 + (-1 - -3). Suppose -5 = -2*x + 31. Suppose 5*r - c - x = 0. What is the greatest common factor of r and 39?
13
Let h be (-6)/(-2) + -1 + 122. Suppose 5*o = -2*r + 3*r - 27, 0 = 4*r - 4*o - h. What is the highest common factor of r and 4?
4
Suppose 3*y - 3754 = -2*r, 3*r - 2494 = -2*y + 6*r. Calculate the greatest common divisor of y and 40.
10
Let m be 35*((650/(-90) - -7) + (-64)/(-126)). Suppose 0*o = 5*o + 670. Let h = -44 - o. What is the highest common factor of h and m?
10
Let y be -77 - -83 - 13*-2. Let x = 56 + -8. What is the greatest common divisor of x and y?
16
Suppose 13*r - 7*r - 186 = 0. Calculate the highest common divisor of r and 62.
31
Let t be (-40)/4*(-126)/28. What is the highest common factor of t and 465?
15
Let y = -75 + 189. What is the highest common factor of y and 247?
19
Let t be 119 + 6/(0 + 6). Calculate the greatest common divisor of t and 72.
24
Suppose 11 = -2*n + 33. Let s be (18/27*9)/(3/22). Calculate the highest common factor of n and s.
11
Let k be 0 + (-4)/4*-4. Let d be 22 + (7 - k - -1). What is the greatest common factor of d and 234?
26
Suppose 0 = 4*l, -5*b + 5*l + 1 = -4. Calculate the highest common factor of 41 and b.
1
Let o = 34 + 61. Let l = o - 84. What is the highest common factor of 77 and l?
11
Suppose -2*m = 3*z - 58 - 42, -105 = -3*z - 3*m. What is the highest common divisor of 120 and z?
30
Let m = -30 + 66. Let n be 17/(357/m) + 4/14. What is the highest common divisor of n and 2?
2
Suppose -4*s - 16 = 0, -2*f = 5*s - 2 - 4. Calculate the greatest common divisor of 325 and f.
13
Suppose 60 = 3*x - 2*w, -x + 39 = x - w. What is the highest common factor of x and 21?
3
Let u(j) = 20*j**2 - 10. Let o be u(4). What is the greatest common divisor of o and 124?
62
Let p be (8/(-3))/(-8)*294. Let a = 101 - p. What is the greatest common divisor of 39 and a?
3
Let g = 9 - 13. Let z = 19 + g. Let h(y) = 6*y**2 - 7*y + 5. Let u be h(5). Calculate the highest common divisor of z and u.
15
Suppose 324 = 83*o - 79*o. Calculate the highest common factor of 216 and o.
27
Suppose 4*k - 59 = 2*j + k, -2*k - 44 = 2*j. Let r = j - -46. Suppose 3 = -2*c + q + 5, 0 = -4*c + 3*q. What is the greatest common divisor of r and c?
3
Suppose 0 = -10*m + 5*m + 100. Let j = 1715 - 1575. Calculate the greatest common factor of m and j.
20
Let j(i) = -i**3 - 3*i**2 + 2*i - 1. Let v be j(-4). Suppose 0 = -2*g + v*g - 50. Let x be (2 - g)/((-2)/5). What is the greatest common divisor of 80 and x?
20
Let u(s) = -13*s - 35. Let y be u(-3). Let p be ((-76)/24)/(y/(-24)). Calculate the greatest common factor of 19 and p.
19
Let v = 5 - -27. Suppose 5*z = -5*w - 2300, 2*z + 593 = -w + 134. Let t = -237 - w. What is the highest common factor of t and v?
32
Suppose x = -2, -5*x - 5 = -g + 824. What is the highest common divisor of 21 and g?
21
Suppose 3*i = 7*i + 5*y - 1581, 0 = -2*i - 4*y + 786. Calculate the greatest common factor of i and 114.
57
Let y = -778 + 781. What is the greatest common divisor of y and 1?
1
Let i(w) = -w**3 - 2*w**2 - w + 2. Let l be i(-2). Let d be (-234)/(-52)*(-8)/(-18). Calculate the greatest common factor of l and d.
2
Suppose w + m - 6 = 0, 7 = 5*w - 4*m - 50. Calculate the greatest common factor of w and 9.
9
Let y(z) = -3*z - 2. Let a be y(-2). Let k(l) = -3*l**2 + 220*l - 220. Let g be k(72). What is the greatest common factor of a and g?
4
Let q be ((-1)/(-2))/((-5)/(-120)). What is the greatest common divisor of q and 804?
12
Let i be ((-10)/4)/((-390)/(-80) + -5). Suppose -t - 2*t + 30 = 0. Calculate the greatest common factor of t and i.
10
Suppose 5*n - 179 + 84 = 0. What is the greatest common divisor of 323 and n?
19
Let q be 24/28*(1640/30 - 8). What is the greatest common factor of 180 and q?
20
Let c = -26 - -33. Suppose 2*b + 40 = c*b. What is the greatest common divisor of 8 and b?
8
Let x = -130 + 244. Let m = 116 - x. What is the highest common factor of 1 and m?
1
Suppose 0 = 5*x - 25, -2*z = -5*x + 9 + 28. Let i be 1*(2 + -3) - z. Suppose -46 = -b - j, i*b + 10 = 3*j + 280. What is the highest common factor of b and 34?
17
Let r = 525 + -465. Calculate the greatest common divisor of 140 and r.
20
Suppose -3*r + q = 9 + 28, -4*q + 4 = 0. Let h = -1 - r. Let v(m) = 45*m**2 - m. Let n be v(1). Calculate the greatest common divisor of h and n.
11
Suppose 13*b + 1 = 170. What is the greatest common divisor of b and 65?
13
Let y(b) = 25*b + 55. Let z be y(-7). Let t = 134 + z. What is the highest common factor of t and 28?
14
Let m be 1/((-3)/4)*9/(-6). Suppose 3*k = 5*f + k - 311, m*k + 185 = 3*f. What is the highest common divisor of 9 and f?
9
Let g be 4/(-7) + (-19679)/(-77). Suppose 0 = l - 0*l - g. Calculate the highest common divisor of 15 and l.
15
Suppose -a = -6*a + 40. Suppose -a = 2*z - 20. Let f = -38 - -44. Calculate the greatest common divisor of z and f.
6
Let c be (1 - 1)/(-2) - 46. Let j = c - -76. What is the highest common divisor of 50 and j?
10
Let p(m) = 82*m - 74. Let w be p(13). Calculate the greatest common factor of 62 and w.
62
Let f = -858 + 878. Calculate the highest common divisor of f and 270.
10
Let s = -422 + 492. What is the greatest common factor of s and 60?
10
Suppose 2*a - 192 = a - 2*v, 3*a = -v + 591. Suppose -56 - 34 = -5*i. Calculate the highest common divisor of i and a.
18
Suppose 0 = 4*y - 12, -2*x - y + 19 = 4*y. Suppose 2*t - 2*u = 246, -3*u + u = x*t - 238. What is the greatest common divisor of t and 11?
11
Suppose -2*l - 8 = 0, -4*z - 430 + 1538 = 4*l. Suppose 0 = -9*t + z - 20. What is the greatest common divisor of t and 261?
29
Let t(m) = 2*m**2 + 14*m - 8. Let o be t(-11). Calculate the highest common divisor of 20 and o.
20
Suppose 0 = -7*x + 2886 + 180. What is the greatest common factor of 12 and x?
6
Suppose 13*x - 2*x + 605 = 0. Let m = x + 80. Calculate the highest common factor of m and 225.
25
Let m be (-2 - 33/(-18)) + (-543)/(-18). Suppose a - 37 + 7 = 3*o, 125 = 3*a - 2*o. What is the highest common divisor of a and m?
15
Let d(c) = -2*c**2 - 4*c + 2. Let v(m) = m**2. Let z(f) = d(f) + 3*v(f). Let i be z(4). Suppose -i*y + 24 = y. What is the greatest common factor of y and 2?
2
Let f be (5 + -9 - -2)/((-6)/12). Calculate the greatest common factor of 18 and f.
2
Let i(o) = -2*o**2 + 10*o + 34. Let h be i(7). Calculate the greatest common divisor of h and 138.
6
Let q be 52/(-3) - 4/6. Let j(a) = a**2 - 20*a + 35. Let l be j(17). Let d be (-2)/(l/(-12))*q. What is the highest common factor of 216 and d?
27
Let p(z) = 2*z**3 + 18*z**2 - 3*z + 15. Let h be p(-7). What is the greatest common divisor of h and 261?
29
Suppose 6*c = 181 - 19. Let i be c*((-4)/(-6) - -1). Calculate the highest common divisor of 45 and i.
45
Let c be 112/21*6/8. Suppose -c*g = -3*g - 69. What is the highest common divisor of g and 23?
23
Let t(x) = 44*x - 595. Let i be t(14). Suppose -l + 168 = l. What is the greatest common divisor of l and i?
21
Suppose z = 6*z - 105. Let t = 331 - 310. What is the greatest common factor of z and t?
21
Let n(v) = v**3 - 10*v**2 + 9*v - 2. Let b be n(9). Let q be (13 + 5)*(4/b)/(-6). Calculate the greatest common factor of 22 and q.
2
Suppose -19 = -3*l + 11. Let p(g) = -g + 13 + 2 + 3. Let h be p(8). What is the greatest common divisor of h and l?
10
Suppose 8 = 3*z - 3*o - 58, -3*o - 3 = 0. Let t be (-30)/(-4) - 2/4. Calculate the greatest common divisor of z and t.
7
Let x(d)